s the remainder when 15390 is divided by 1709?
9
Calculate the remainder when 275 is divided by 191.
84
What is the remainder when 1983 is divided by 301?
177
Calculate the remainder when 1863 is divided by 1853.
10
Calculate the remainder when 445827 is divided by 799.
784
What is the remainder when 639 is divided by 158?
7
Calculate the remainder when 37707 is divided by 4712.
11
Calculate the remainder when 62963 is divided by 3703.
12
Calculate the remainder when 89393 is divided by 724.
341
What is the remainder when 41013 is divided by 99?
27
Calculate the remainder when 9227 is divided by 1535.
17
What is the remainder when 18980 is divided by 4741?
16
What is the remainder when 2992 is divided by 95?
47
Calculate the remainder when 34529 is divided by 294.
131
What is the remainder when 1842 is divided by 39?
9
Calculate the remainder when 10213 is divided by 260.
73
What is the remainder when 1060497 is divided by 18?
9
Calculate the remainder when 34006 is divided by 792.
742
Calculate the remainder when 9713 is divided by 270.
263
Calculate the remainder when 106397 is divided by 56.
53
Calculate the remainder when 2086 is divided by 697.
692
Calculate the remainder when 101469 is divided by 825.
819
What is the remainder when 8987 is divided by 138?
17
Calculate the remainder when 9843 is divided by 88.
75
Calculate the remainder when 42431 is divided by 544.
543
Calculate the remainder when 136444 is divided by 5932.
8
What is the remainder when 65881 is divided by 52?
49
What is the remainder when 676899 is divided by 101?
98
What is the remainder when 186776 is divided by 139?
99
What is the remainder when 20689 is divided by 6894?
7
What is the remainder when 2690 is divided by 16?
2
What is the remainder when 5571 is divided by 1833?
72
Calculate the remainder when 127438 is divided by 331.
3
Calculate the remainder when 112048 is divided by 415.
413
What is the remainder when 69000 is divided by 75?
0
What is the remainder when 341627 is divided by 231?
209
Calculate the remainder when 278520 is divided by 21.
18
Calculate the remainder when 196361 is divided by 105.
11
Calculate the remainder when 95818 is divided by 210.
58
Calculate the remainder when 478 is divided by 49.
37
What is the remainder when 1750527 is divided by 11?
9
Calculate the remainder when 6989 is divided by 100.
89
What is the remainder when 9542 is divided by 3173?
23
What is the remainder when 55595 is divided by 113?
112
What is the remainder when 746128 is divided by 536?
16
Calculate the remainder when 21661 is divided by 361.
1
Calculate the remainder when 24560 is divided by 65.
55
Calculate the remainder when 23190 is divided by 23153.
37
What is the remainder when 1187238 is divided by 5?
3
What is the remainder when 5549 is divided by 2657?
235
What is the remainder when 24624 is divided by 289?
59
What is the remainder when 62257 is divided by 1245?
7
Calculate the remainder when 3163959 is divided by 20.
19
What is the remainder when 8502 is divided by 52?
26
What is the remainder when 190188 is divided by 91?
89
What is the remainder when 45462 is divided by 11363?
10
Calculate the remainder when 24881 is divided by 1081.
18
What is the remainder when 80613 is divided by 26851?
60
What is the remainder when 20028 is divided by 611?
476
Calculate the remainder when 13646 is divided by 333.
326
Calculate the remainder when 142174 is divided by 102.
88
Calculate the remainder when 11920 is divided by 2.
0
What is the remainder when 45847 is divided by 262?
259
Calculate the remainder when 264544 is divided by 73.
65
What is the remainder when 68701 is divided by 608?
605
What is the remainder when 12549 is divided by 382?
325
What is the remainder when 1021 is divided by 259?
244
What is the remainder when 5555 is divided by 1110?
5
Calculate the remainder when 352983 is divided by 222.
3
What is the remainder when 3195 is divided by 43?
13
What is the remainder when 74561 is divided by 9320?
1
What is the remainder when 368 is divided by 243?
125
What is the remainder when 58512 is divided by 159?
0
Calculate the remainder when 208516 is divided by 138.
136
Calculate the remainder when 2906 is divided by 722.
18
What is the remainder when 22770 is divided by 39?
33
What is the remainder when 39813 is divided by 7958?
23
What is the remainder when 940 is divided by 106?
92
Calculate the remainder when 44282 is divided by 521.
518
What is the remainder when 6064 is divided by 1507?
36
Calculate the remainder when 206637 is divided by 4.
1
Calculate the remainder when 9847 is divided by 43.
0
What is the remainder when 77656 is divided by 169?
85
What is the remainder when 546581 is divided by 273287?
7
Calculate the remainder when 8181 is divided by 2474.
759
Calculate the remainder when 42425 is divided by 10605.
5
Calculate the remainder when 6353 is divided by 41.
39
Calculate the remainder when 12466 is divided by 3113.
14
What is the remainder when 7794 is divided by 2325?
819
Calculate the remainder when 554657 is divided by 184885.
2
What is the remainder when 14229 is divided by 203?
19
What is the remainder when 20934 is divided by 5223?
42
Calculate the remainder when 405481 is divided by 356.
353
Calculate the remainder when 13941 is divided by 557.
16
Calculate the remainder when 231004 is divided by 316.
8
What is the remainder when 6705 is divided by 172?
169
Calculate the remainder when 6821 is divided by 9.
8
Calculate the remainder when 75613 is divided by 17.
14
Calculate the remainder when 15837 is divided by 264.
261
What is the remainder when 2134 is divided by 176?
22
What is the remainder when 24448 is divided by 1163?
25
What is the remainder when 209142 is divided by 1238?
1158
What is the remainder when 5164 is divided by 986?
234
What is the remainder when 244215 is divided by 606?
603
What is the remainder when 1015 is divided by 338?
1
What is the remainder when 130233 is divided by 163?
159
What is the remainder when 6318 is divided by 185?
28
Calculate the remainder when 5411 is divided by 893.
53
Calculate the remainder when 101258 is divided by 6750.
8
Calculate the remainder when 64378 is divided by 463.
21
Calculate the remainder when 16290 is divided by 175.
15
Calculate the remainder when 272 is divided by 82.
26
What is the remainder when 93110 is divided by 9?
5
What is the remainder when 10610 is divided by 1201?
1002
What is the remainder when 1859 is divided by 24?
11
Calculate the remainder when 3355 is divided by 1943.
1412
Calculate the remainder when 1990 is divided by 395.
15
Calculate the remainder when 53622 is divided by 148.
46
What is the remainder when 948 is divided by 878?
70
Calculate the remainder when 294302 is divided by 6540.
2
Calculate the remainder when 6265 is divided by 38.
33
Calculate the remainder when 227765 is divided by 11.
10
What is the remainder when 5832385 is divided by 413?
412
Calculate the remainder when 13579 is divided by 140.
139
Calculate the remainder when 2114 is divided by 725.
664
What is the remainder when 312157 is divided by 407?
395
What is the remainder when 135455 is divided by 34?
33
What is the remainder when 98568 is divided by 1147?
1073
What is the remainder when 24403 is divided by 1441?
1347
What is the remainder when 58422 is divided by 25?
22
What is the remainder when 2438 is divided by 385?
128
What is the remainder when 162020 is divided by 71?
69
What is the remainder when 236108 is divided by 236090?
18
Calculate the remainder when 37724 is divided by 72.
68
Calculate the remainder when 7767 is divided by 86.
27
What is the remainder when 49766 is divided by 159?
158
What is the remainder when 1548 is divided by 772?
4
What is the remainder when 1076 is divided by 1000?
76
Calculate the remainder when 1622719 is divided by 320.
319
What is the remainder when 18546 is divided by 442?
424
What is the remainder when 24515 is divided by 37?
21
Calculate the remainder when 8817 is divided by 8680.
137
What is the remainder when 24514 is divided by 94?
74
What is the remainder when 271 is divided by 47?
36
Calculate the remainder when 118629 is divided by 55.
49
Calculate the remainder when 17610 is divided by 673.
112
Calculate the remaind